 j = -99 - k. Suppose m - 7*m + j = 0. List the prime factors of m.
2
Let t(b) = 24*b**2 - 13*b + 6. Let x be t(9). Let j = x + -1097. Suppose 4*u - j = -4*o, -o - 199 = -2*o + 4*u. List the prime factors of o.
11, 17
Let d(k) = 5*k - 8 - 10*k + k - 6. Let v be d(-6). Suppose v*o = 14*o - 92. What are the prime factors of o?
23
List the prime factors of (6/(108/9))/((-2)/278960*-4).
5, 11, 317
Suppose 0 = -2*j - 5*a + 643, 5*j - 4*a + 975 = 8*j. Let f = -233 + j. Let n = f - -84. What are the prime factors of n?
2, 3, 5
Let z = -4584 - -30354. List the prime factors of z.
2, 3, 5, 859
Suppose -72*d + 20*d = -211744. What are the prime factors of d?
2, 509
Let w = -1043 - -1895. What are the prime factors of w*-10*(-4)/(31 + 1)?
3, 5, 71
Suppose 2*l + 5*q = -10, 3*l + 4*q = -9 + 1. Suppose l = 2*r - 2*b - 18, 4*r - 3*b - 35 = -3. Let m(u) = 2*u**3 - 5*u**2 - 9*u. List the prime factors of m(r).
2, 5
Suppose 3*w - 2*w - 538 - 2932 = 0. What are the prime factors of w?
2, 5, 347
Let i(r) = 2*r**2 - 43*r - 358. What are the prime factors of i(48)?
2, 1093
Let f(k) be the second derivative of -k**4/12 + 22*k**3/3 + 35*k**2/2 + 19*k + 2. List the prime factors of f(33).
2, 199
List the prime factors of -8 + 11272 + 10 - (-3 - -19)/(-4).
2, 5639
Let i(t) = 5*t**3 - 3*t**2 - 27*t + 41. Let p be 5 + 6*1/6. List the prime factors of i(p).
23, 37
Suppose 16*m - 123735 - 318329 = 0. List the prime factors of m.
7, 3947
Let f be 4/(3/((-708)/(-16))). Suppose -95 = -y + 4*a, -3*y + 276 = 5*a + f. What are the prime factors of y?
79
Suppose -25 = 5*o, -o = -t - 3*t + 25. Let r be -32 - t/(-15)*-15. Let f = 8 - r. List the prime factors of f.
3, 5
Suppose -25*i + 212 = -6988. Suppose 0 = -10*f + 102 + i. What are the prime factors of f?
3, 13
Let l(i) = 2*i**2 - i - 4. Let j be l(-2). Suppose -y + j = 4. Suppose -b + 23 = g, -2*g + y*b = -32 + 6. List the prime factors of g.
2, 3
Let l be (-33)/(-7) - 4/(-14). Let p(y) = -2*y**2 - 13*y + 849. Let k be p(16). Suppose -n + 4*v = -45, 3*v + v = -l*n + k. List the prime factors of n.
29
Let a(v) = 25*v + 17. Let h be a(3). Suppose 97*t - h*t = 1960. List the prime factors of t.
2, 7
Suppose 5*n = 4*l - 8554, -n = 5*l - 90 - 10588. Suppose -3*f + 1478 = 5*u, -l + 122 = -4*f + 2*u. List the prime factors of f.
3, 167
Let a = 1119 - -1623. Suppose -13*z - a = -19*z. What are the prime factors of z?
457
Let a(s) = 1474*s + 10149. List the prime factors of a(26).
48473
Let h(j) = -j**2 - 15*j - 2. Let s(i) = 2*i - 5. Let z be s(4). Suppose 4*b = b + 5*a - 55, 0 = -z*a + 15. What are the prime factors of h(b)?
2, 3
Suppose -2*t + w + 107802 = 0, 24*w - 20*w = -4*t + 215568. What are the prime factors of t?
2, 3, 13, 691
Let y(p) = -2476*p - 6289. What are the prime factors of y(-8)?
11, 1229
Suppose -x - 4 = -2*q + 4, -5*q = 2*x - 29. Suppose -2*b - q = a - 13, 0 = -5*a + 4*b - 2. List the prime factors of (a + 1)*1376/24.
2, 43
Let h(a) = -10*a + 14*a + 114 - 22*a. List the prime factors of h(-17).
2, 3, 5, 7
Let z = 341 + -337. Suppose -z*i = -l + 174, 13*i - 14*i = -l + 171. What are the prime factors of l?
2, 5, 17
Let t(r) = -4*r**2 + 0*r**2 + r**2 - 1 + r**3 + 4*r**2 - 3*r. Let x be t(-2). What are the prime factors of (x - 0)/(9/801)?
89
Suppose -3*l - 5*m = -113, 5*l - m - 161 = -10. Let s = l + -55. What are the prime factors of s/(-4)*(-6)/(-27)*39?
2, 13
Let g be 1/((-5)/(-20) - 6/(-8)). Suppose 3*z - g = 11. Suppose 45 = t + 5*i, -t - 5*i - 215 = -z*t. What are the prime factors of t?
5, 13
Let r = 26327 - -6679. What are the prime factors of r?
2, 3, 5501
Suppose 1343613 = 89*n - 599524. What are the prime factors of n?
7, 3119
Let c(y) = -y + 30. Let b(w) = 2*w**3 + 12*w**2 - 3*w - 14. Let q be b(-6). What are the prime factors of c(q)?
2, 13
Suppose 5*a + 54 = 3*x, -28 = -3*x - 5*a - 4. Suppose x*p = 9*p + 496. List the prime factors of p.
2, 31
Suppose 53*j - 183121 = 5*j + 189599. What are the prime factors of j?
5, 1553
Let l be 2/(-4)*2 + 144. Let s = 245 - l. List the prime factors of s.
2, 3, 17
Let n(a) = -67*a + 368. What are the prime factors of n(-12)?
2, 293
Let h(u) = u**2 + 14*u. Let o be h(0). Suppose o = 6*t - 407 - 3283. List the prime factors of t.
3, 5, 41
Let n = -25734 + 47329. What are the prime factors of n?
5, 7, 617
Let m(x) = 206*x**2 - 22*x + 68. Suppose 6 = 3*h + p, -59 = 3*p - 50. List the prime factors of m(h).
2, 29
Suppose 0 = 5*m - 4*i - 22180, -9016 = -4*m - 2*i + 8754. Suppose 10*l - 5880 - m = 0. What are the prime factors of l?
2, 3, 43
Let q(i) = -2*i**2 + 8*i - 23. Let u be q(9). Let m = 74 - u. List the prime factors of m.
11, 17
Let n = -15021 + 21533. What are the prime factors of n?
2, 11, 37
List the prime factors of (0 + -1)*(-1514 + 5 + 0).
3, 503
Let k(n) = -4517*n + 1104. List the prime factors of k(-5).
23689
Let f(b) = -b**3 + 50*b**2 - 148*b + 92. What are the prime factors of f(44)?
2, 3, 433
Let s be (-12900)/(-28) + (-2)/(-7). Let q = 670 - s. List the prime factors of q.
11, 19
Suppose -15*o - 75*o + 640924 = -79616. What are the prime factors of o?
2, 4003
List the prime factors of ((-90)/(-24))/((-57)/(-113240)).
2, 5, 149
Let b = -4530 + 10200. What are the prime factors of b?
2, 3, 5, 7
Let r(x) = 2*x**2 + 25*x**3 + 0*x**2 + 1 - x + 40*x**3 - 4*x**3 - 2*x. Suppose 1 + 2 = 3*h. List the prime factors of r(h).
61
Let n = 50 - 28. Suppose x - 2*a - 7 = -16, x + 5 = -2*a. Let i = x + n. List the prime factors of i.
3, 5
Suppose 0 = -10*v + 3*v + 84. Suppose 8 = -2*n, -8*f - 2000 = -v*f - n. What are the prime factors of f?
3, 167
Suppose 14*x - 5*d = 9*x + 103375, -x - 4*d = -20680. Suppose -47*h = -x - 48508. What are the prime factors of h?
2, 23
Let w(t) = 163*t - 136. Let d(n) = -57*n + 45. Let m(p) = 11*d(p) + 4*w(p). Suppose 3*y - 2*b - 18 = -3*b, 5*b + 1 = -2*y. List the prime factors of m(y).
2, 3, 7
Suppose 4*z + 1351 = -4*v - 3129, -4*z + v - 4470 = 0. Let o = -711 - z. What are the prime factors of o?
11, 37
Let j = -52 + 89. Suppose 2*u = -11*u + 468. Let g = u + j. What are the prime factors of g?
73
Let l(g) = -8 + 20 - 8*g + 7*g**2 + 0*g + g**3. Let f be l(-8). Let s = f + 81. List the prime factors of s.
3, 31
Suppose z = 56 + 37. Let f(c) = 5*c - 121. Let o be f(25). Suppose -z = -o*u + 215. What are the prime factors of u?
7, 11
Let g(i) = -i - 12. Let x be g(-8). Let s be (-2048)/1 - (-4 + x + 12). What are the prime factors of ((-1)/((-30)/s))/(4/(-10))?
3, 19
Suppose 2*y + 5*b = 0, -3*b = 60*y - 57*y. Suppose y = 95*c - 89*c - 4890. List the prime factors of c.
5, 163
Let v(y) be the first derivative of 19*y**2/2 - 34*y + 94. What are the prime factors of v(11)?
5, 7
Let y = 11 + -1. Suppose 4*b - y = 6. Suppose 3*q - 645 = -2*d + b*d, 883 = 4*q + 5*d. What are the prime factors of q?
7, 31
Let r = -1421 - -762. What are the prime factors of (r + -5)*1*(-3 - -2)?
2, 83
Suppose 3*k - a - 6402 = 0, 5*k + 6393 = 8*k - 4*a. Suppose 0 = -6*x + x + 25, -3*o + k = x. What are the prime factors of o?
2, 5, 71
Let u = -777 + 296. Let f = u + 1493. List the prime factors of f.
2, 11, 23
Let l(o) = 2*o**2 - 2*o + 2. Let h be l(2). Suppose -2*d = -h*d + 60. Suppose q = -d + 37. What are the prime factors of q?
2, 11
Let b be 12/4 - (-4 + 5 + 1825). Let q = 2682 + b. List the prime factors of q.
859
Let f(u) = u**2 + 9*u + 19. Let p be f(-6). Let a be p/(171/84 + -2). List the prime factors of (-383)/(-7) - (-8)/a.
5, 11
Suppose -135*c = -132*c - 135. Suppose -46*u + c*u = -121. What are the prime factors of u?
11
Let r(c) = -228*c - 356. Let l be r(-6). Let s = l - 128. List the prime factors of s.
2, 13, 17
Suppose 0 = 172*g - 732*g + 36256640. List the prime factors of g.
2, 8093
Suppose -k = -6*k - 3*p + 182045, -p + 109231 = 3*k. What are the prime factors of k?
2, 9103
Suppose -2*q + 105*q = -78*q + 390960. List the prime factors of q.
2, 3, 5
Suppose a = -4*v + 38 + 106, 3*v - 298 = -2*a. Suppose 166 = -0*k - 2*k + 5*i, 2*i + 287 = -3*k. Let r = k + a. What are the prime factors of r?
59
Let d be (2200/(-140))/(3/(-252)). Suppose -4*a + d = 3*i - 1262, -i = a - 645. List the prime factors of a.
647
Suppose 4*n = 312 + 332. Suppose 5*a - 434 = -2*f, n = -3*f + 5*a + 812. List the prime factors of f.
7, 31
Suppose 8*x - 4800 = 6*x - 